{"id":364,"date":"2011-01-20T19:28:23","date_gmt":"2011-01-20T18:28:23","guid":{"rendered":"http:\/\/lhcesari.com\/blog\/?page_id=364"},"modified":"2025-05-21T11:20:38","modified_gmt":"2025-05-21T09:20:38","slug":"quisuisje","status":"publish","type":"page","link":"https:\/\/lhcesari.com\/blog\/quisuisje","title":{"rendered":"Qui suis-je ?"},"content":{"rendered":"\t\t<div data-elementor-type=\"wp-page\" data-elementor-id=\"364\" class=\"elementor elementor-364\">\n\t\t\t\t<div class=\"elementor-element elementor-element-ed57248 e-con-full e-flex e-con e-parent\" data-id=\"ed57248\" data-element_type=\"container\" data-e-type=\"container\">\n\t\t<div class=\"elementor-element elementor-element-bc0e611 e-con-full e-flex e-con e-child\" data-id=\"bc0e611\" data-element_type=\"container\" data-e-type=\"container\">\n\t\t\t\t<div class=\"elementor-element elementor-element-c2d88a9 elementor-widget elementor-widget-image\" data-id=\"c2d88a9\" data-element_type=\"widget\" data-e-type=\"widget\" data-widget_type=\"image.default\">\n\t\t\t\t<div class=\"elementor-widget-container\">\n\t\t\t\t\t\t\t\t\t\t\t\t\t\t\t<img decoding=\"async\" src=\"https:\/\/lhcesari.com\/blog\/wp-content\/uploads\/elementor\/thumbs\/profile-edited-q5l5q4s95v3tfq1ljq1o95alsvdxvxybfu8z7f6brc.jpg\" title=\"profile\" alt=\"profile\" loading=\"lazy\" \/>\t\t\t\t\t\t\t\t\t\t\t\t\t\t\t<\/div>\n\t\t\t\t<\/div>\n\t\t\t\t<\/div>\n\t\t<div class=\"elementor-element elementor-element-3368bec e-con-full e-flex e-con e-child\" data-id=\"3368bec\" data-element_type=\"container\" data-e-type=\"container\">\n\t\t\t\t<div class=\"elementor-element elementor-element-013d617 elementor-widget-tablet__width-initial elementor-widget elementor-widget-text-editor\" data-id=\"013d617\" data-element_type=\"widget\" data-e-type=\"widget\" data-widget_type=\"text-editor.default\">\n\t\t\t\t<div class=\"elementor-widget-container\">\n\t\t\t\t\t\t\t\t\t<p style=\"font-size: 15px; text-align: left;\"><strong>J&rsquo;ai toujours aim\u00e9 regarder des films en version sous-titr\u00e9e.<\/strong><\/p>\n<p style=\"font-size: 15px;\">\u00c9tudiante en <span style=\"line-height: 1.5em;\">LLCE Anglais<\/span>, je me destine \u00e0 une carri\u00e8re de traductrice litt\u00e9raire et mon passe-temps favori, c&rsquo;est d&rsquo;aller au cin\u00e9ma Le Mazarin d&rsquo;Aix-en-Provence pour regarder des films en VOST.<br \/>Et puis un jour, en restant jusqu&rsquo;\u00e0 la fin du g\u00e9n\u00e9rique, j&rsquo;aper\u00e7ois un sous-titre \u00ab\u00a0Adaptation\u00a0\u00bb accompagn\u00e9 d&rsquo;un nom. C&rsquo;est le d\u00e9clic ! Le voil\u00e0, le m\u00e9tier que je veux faire : adapter des films.<br \/><strong><br \/>Ma vocation est n\u00e9e !<\/strong><\/p>\n<p><!-- \/wp:paragraph --><!-- wp:paragraph {\"style\":{\"typography\":{\"fontSize\":\"15px\"}}} --><!-- \/wp:image --><\/p>\t\t\t\t\t\t\t\t<\/div>\n\t\t\t\t<\/div>\n\t\t\t\t<\/div>\n\t\t\t\t<\/div>\n\t\t<div class=\"elementor-element elementor-element-684700f0 e-flex e-con-boxed e-con e-parent\" data-id=\"684700f0\" data-element_type=\"container\" data-e-type=\"container\">\n\t\t\t\t\t<div class=\"e-con-inner\">\n\t\t\t\t<div class=\"elementor-element elementor-element-2fc23b63 elementor-widget elementor-widget-text-editor\" data-id=\"2fc23b63\" data-element_type=\"widget\" data-e-type=\"widget\" data-widget_type=\"text-editor.default\">\n\t\t\t\t<div class=\"elementor-widget-container\">\n\t\t\t\t\t\t\t\t\t<p style=\"font-size: 15px; text-align: left;\"><span style=\"line-height: 1.5em;\">Apr\u00e8s ma ma\u00eetrise (Master 1) et mon m\u00e9moire sur <em>West Side Story<\/em>, j&rsquo;ai l&rsquo;opportunit\u00e9 de passer un semestre dans une universit\u00e9 aux \u00c9tats-Unis, puis j&rsquo;entre au DESS (Master 2) \u00ab\u00a0Traduction, Sous-titrage et Doublage\u00a0\u00bb de Nice<\/span>, que j&rsquo;obtiens en 2002.<\/p>\n<p><!-- \/wp:paragraph --><!-- wp:paragraph {\"style\":{\"typography\":{\"fontSize\":\"15px\"}}} --><\/p>\n<p style=\"font-size: 15px;\">Il y a un peu plus de 20 ans, je d\u00e9barque donc \u00e0 Paris pour effectuer mon stage dans une entreprise de doublage. Apr\u00e8s quelques mois en tant que <b>sous-titreuse freelance<\/b>, on me confie <strong>la cr\u00e9ation et la responsabilit\u00e9 du service sous-titrage<\/strong> de l&rsquo;entreprise. Deux ans plus tard, quand l&rsquo;entreprise est rachet\u00e9e, j&rsquo;int\u00e8gre le service sous-titrage et voice over d&rsquo;un grand laboratoire de post-production en tant que<strong> charg\u00e9e de production.<\/strong> J&rsquo;y reste cinq ans.<\/p>\n<p><!-- \/wp:paragraph --><!-- wp:paragraph {\"style\":{\"typography\":{\"fontSize\":\"15px\"}}} --><\/p>\n<p style=\"font-size: 15px;\">Sp\u00e9cialis\u00e9e en <b>sous-titrage<\/b>, je suis aussi form\u00e9e \u00e0 la voice over, au doublage, \u00e0 l&rsquo;audiodescription et au sous-titrage pour sourds et malentendants. Je ma\u00eetrise la cha\u00eene de post-production du devis \u00e0 la livraison d&rsquo;un programme, quelle que soit sa version finale.<\/p>\n<p><!-- \/wp:image --><\/p>\t\t\t\t\t\t\t\t<\/div>\n\t\t\t\t<\/div>\n\t\t\t\t<div class=\"elementor-element elementor-element-0b7e60b elementor-widget elementor-widget-text-editor\" data-id=\"0b7e60b\" data-element_type=\"widget\" data-e-type=\"widget\" data-widget_type=\"text-editor.default\">\n\t\t\t\t<div class=\"elementor-widget-container\">\n\t\t\t\t\t\t\t\t\t<div class=\"wp-block-cover aligncenter is-light has-small-font-size\" style=\"min-height: 180px;\">\n<p><img fetchpriority=\"high\" decoding=\"async\" width=\"501\" height=\"186\" class=\"wp-block-cover__image-background wp-image-2854\" src=\"https:\/\/lhcesari.com\/blog\/wp-content\/uploads\/2023\/04\/vierge3.png\" alt=\"\" data-object-fit=\"cover\" srcset=\"https:\/\/lhcesari.com\/blog\/wp-content\/uploads\/2023\/04\/vierge3.png 501w, https:\/\/lhcesari.com\/blog\/wp-content\/uploads\/2023\/04\/vierge3-300x111.png 300w, https:\/\/lhcesari.com\/blog\/wp-content\/uploads\/2023\/04\/vierge3-162x60.png 162w\" sizes=\"(max-width: 501px) 100vw, 501px\" \/><\/p>\n<div class=\"wp-block-cover__inner-container\">\n<p><!-- wp:paragraph {\"align\":\"center\",\"style\":{\"typography\":{\"fontSize\":\"15px\"}}} --><\/p>\n<p class=\"has-text-align-center\" style=\"font-size: 15px;\"><strong>Free-lance <\/strong>depuis plus de 10 ans, je suis sp\u00e9cialis\u00e9e dans le <strong><a href=\"https:\/\/lhcesari.com\/blog\/sous-titrage\" data-type=\"page\" data-id=\"322\">sous-titrage<\/a><\/strong>.<br \/>Professionnelle, efficace et autonome, j&rsquo;ai l&rsquo;<strong>exigence du travail bien fait<\/strong>.<br \/>Je me mets toujours au service du programme que j&rsquo;adapte.<\/p>\n<\/div>\n<\/div>\n<p><!-- \/wp:image --><\/p>\t\t\t\t\t\t\t\t<\/div>\n\t\t\t\t<\/div>\n\t\t\t\t\t<\/div>\n\t\t\t\t<\/div>\n\t\t<div class=\"elementor-element elementor-element-7fc8c35 e-flex e-con-boxed e-con e-parent\" data-id=\"7fc8c35\" data-element_type=\"container\" data-e-type=\"container\">\n\t\t\t\t\t<div class=\"e-con-inner\">\n\t\t\t\t<div class=\"elementor-element elementor-element-4283630 elementor-widget elementor-widget-text-editor\" data-id=\"4283630\" data-element_type=\"widget\" data-e-type=\"widget\" data-widget_type=\"text-editor.default\">\n\t\t\t\t<div class=\"elementor-widget-container\">\n\t\t\t\t\t\t\t\t\t<p style=\"font-size: 15px;\">\nLa\u00a0<strong>d\u00e9fense de nos droits et de nos conditions de travail<\/strong>\u00a0est une bataille de chaque instant. Face aux r\u00e9formes (sociales et fiscales, droits d&rsquo;auteur, retraite) et \u00e0 la menace grandissante de l&rsquo;IA, il est important que les auteurs s&rsquo;unissent et fassent entendre leur voix.<\/p>\t\t\t\t\t\t\t\t<\/div>\n\t\t\t\t<\/div>\n\t\t\t\t<div class=\"elementor-element elementor-element-1c3a90a elementor-widget elementor-widget-text-editor\" data-id=\"1c3a90a\" data-element_type=\"widget\" data-e-type=\"widget\" data-widget_type=\"text-editor.default\">\n\t\t\t\t<div class=\"elementor-widget-container\">\n\t\t\t\t\t\t\t\t\t<p><img decoding=\"async\" class=\"alignleft size-full wp-image-1274\" src=\"https:\/\/lhcesari.com\/blog\/wp-content\/uploads\/2012\/02\/Ataa-e1328055887860.png\" alt=\"\" width=\"96\" height=\"30\" \/><\/p>\n<p style=\"font-size: 15px;\">Je soutiens l&rsquo;<a style=\"background-color: #ffffff;\" title=\"Association des Traducteurs et Adaptateurs de l'Audiovisuel\" href=\"http:\/\/ataa.fr\/\" target=\"_blank\" rel=\"noopener noreferrer\">ATAA<\/a>, l&rsquo;<strong>Association des Traducteurs et Adaptateurs de l&rsquo;Audiovisuel<\/strong>\u00a0dont je suis membre depuis 2010.<\/p>\n<p style=\"font-size: 15px;\">J&rsquo;ai \u00e9t\u00e9 b\u00e9n\u00e9vole active pour l&rsquo;organisation de plusieurs Prix :<br \/>&#8211; Coordinatrice technique du\u00a0<a title=\"Prix de l'adaptation en sous-titrage et en doublage\" href=\"http:\/\/www.prix-ataa.fr\/\" target=\"_blank\" rel=\"noopener noreferrer\">Prix de l&rsquo;adaptation<\/a>\u00a0en sous-titrage (2017-18)<br \/>&#8211; Membre du jury du Prix de l&rsquo;adaptation en sous-titrage (2014-15 2015-16)<br \/>&#8211; Coordinatrice technique du Prix de l&rsquo;adaptation en doublage (2013-14)<\/p>\t\t\t\t\t\t\t\t<\/div>\n\t\t\t\t<\/div>\n\t\t\t\t<div class=\"elementor-element elementor-element-688a251 elementor-widget elementor-widget-text-editor\" data-id=\"688a251\" data-element_type=\"widget\" data-e-type=\"widget\" data-widget_type=\"text-editor.default\">\n\t\t\t\t<div class=\"elementor-widget-container\">\n\t\t\t\t\t\t\t\t\t<p><img decoding=\"async\" class=\"alignleft wp-image-3121 \" src=\"https:\/\/lhcesari.com\/blog\/wp-content\/uploads\/2025\/05\/snac-removebg-preview.png\" alt=\"\" width=\"87\" height=\"61\" srcset=\"https:\/\/lhcesari.com\/blog\/wp-content\/uploads\/2025\/05\/snac-removebg-preview.png 218w, https:\/\/lhcesari.com\/blog\/wp-content\/uploads\/2025\/05\/snac-removebg-preview-85x60.png 85w\" sizes=\"(max-width: 87px) 100vw, 87px\" \/><\/p><p style=\"font-size: 15px;\">J&rsquo;ai repr\u00e9sent\u00e9 mes cons\u0153urs et confr\u00e8res au\u00a0<a title=\"Syndicat des Auteurs et des Compositeurs\" href=\"http:\/\/snac.fr\/\" target=\"_blank\" rel=\"noopener noreferrer\">SNAC<\/a>, le\u00a0<strong>Syndicat des Auteurs et des Compositeurs<\/strong>, pendant 9 ans.<br \/>&#8211; Vice-pr\u00e9sidente du SNAC de 2018 \u00e0 2022<br \/>&#8211; Repr\u00e9sentante du\u00a0<a href=\"http:\/\/www.snac.fr\/site\/doublage-soustitrage\">Groupement sous-titrage, doublage et audiodescription<\/a>\u00a0de 2013 \u00e0 2022<\/p>\t\t\t\t\t\t\t\t<\/div>\n\t\t\t\t<\/div>\n\t\t\t\t<div class=\"elementor-element elementor-element-005733f elementor-widget elementor-widget-text-editor\" data-id=\"005733f\" data-element_type=\"widget\" data-e-type=\"widget\" data-widget_type=\"text-editor.default\">\n\t\t\t\t<div class=\"elementor-widget-container\">\n\t\t\t\t\t\t\t\t\t<p style=\"font-size: 15px;\">On le sait, la <strong>solidarit\u00e9\u00a0<\/strong>entre auteurs est indispensable, j&rsquo;ai donc mis en place les premiers D\u00e9jeuners des Traducteurs de d&rsquo;Audiovisuel (DTA, pour les intimes) avant la pand\u00e9mie.<\/p>\t\t\t\t\t\t\t\t<\/div>\n\t\t\t\t<\/div>\n\t\t\t\t<div class=\"elementor-element elementor-element-fa0c461 elementor-widget elementor-widget-text-editor\" data-id=\"fa0c461\" data-element_type=\"widget\" data-e-type=\"widget\" data-widget_type=\"text-editor.default\">\n\t\t\t\t<div class=\"elementor-widget-container\">\n\t\t\t\t\t\t\t\t\t<figure><a href=\"mailto:lh@lhcesari.com\"><img decoding=\"async\" class=\"aligncenter\" src=\"https:\/\/lhcesari.com\/blog\/wp-content\/uploads\/2023\/04\/mc.png\" alt=\"\" \/><\/a><\/figure>\n<p><!-- \/wp:image --><\/p>\t\t\t\t\t\t\t\t<\/div>\n\t\t\t\t<\/div>\n\t\t\t\t<div class=\"elementor-element elementor-element-6edb872 elementor-widget elementor-widget-text-editor\" data-id=\"6edb872\" data-element_type=\"widget\" data-e-type=\"widget\" data-widget_type=\"text-editor.default\">\n\t\t\t\t<div class=\"elementor-widget-container\">\n\t\t\t\t\t\t\t\t\t<div style=\"min-height: 180px;\">\n<p><img loading=\"lazy\" decoding=\"async\" class=\"alignleft\" src=\"data:image\/png;base64,iVBORw0KGgoAAAANSUhEUgAAAMoAAABjCAYAAADadp+OAAAAAXNSR0IArs4c6QAAAARnQU1BAACxjwv8YQUAAAAJcEhZcwAADsMAAA7DAcdvqGQAACGnSURBVHhe7Z0JdBzVme\/\/VdWbpG6t1mLJljd5381i4wAJBsJAgIQtkMk+L4Qkk7yXvJMzk3lvZk7OyZl5eW8mvJAwWWZIyABhCYHADMEQCJuNsWMM3lfZkrVb+9bqtarm+6qr6epWt9Stru6W2v3jCHVVy1qq7v9+670lqAQKFCgwJaL+uUCBAlNQEEqBAklQcL0KfIAcDOLnB97Gsd5O1JdWYMeSFdjasBiiJOlfcfFSsCh5RFBR4AkGMBHw02tZP5s8ezpa8HZ7M\/omxnGopx0vnDqCc8MD+rsXNwWh5Al+WcYfz53At178Db7xwpN4+ugBqCmIJUD\/\/r3uNshKxMGQRBEW+ihQEEre0D02jH3tLRj0uDHm9+J3Jw6id3hQf3d6zg724fRALxRV0c8ApXYHqoqd+tHFTUEoeYAWZsYJNQ\/09+ivpucIxSXjJLAwbElqnC64SCyxqCQmr88LL7l5FwsFoeQBgiAgXkamjSyKSnHLdIz7fTg32A8fBfNhSmx21DnL9KMIHAe93HwcP93\/Jh49uBdtI8lbrblMQSh5gtPmQDENbiPN5E6xiKaCrVHrUD+5biPkdkXk5rBYUR3H7drXfg5PH3sP73Sexxstp3Gwuz1KYPlKQSh5gkWiwDtGFByrdI+P6kcJIHGc6uvBBXf01xWRUGqdpfpRCE4f\/5ZEMkZuFxNQZC3DJhvimnylIJQ8oVSyoNRi0Y9CcCarY2RIP4rPGLldnA6WY1y0YqsNdSUu\/SjEo0f2o3NsWD8Kfc3i8irtc75TEEqeIJBQ+MMI11I6DAM7Hp3kcjUP9elHITgtvKyyOqrQOO6ZwPtd5\/WjEOtq6jWhXAwUhJInCDS4rSQU0eB+cW2F3apE2Sm2IhyMc9BvhL+H0e3ihMATxw6glyxPGIfVitXVdZPcs3ylIJQ8glO5doNV4eC8nwZ39+iIfiYajmHOUcAfiwgBC0rL9SOgnYL9wz3tUe7ZgtIKrJhXN22yIF8oCCWPsFMAHltJZzG0JmhDGSZ36mScWgu7XgtJCIybYpi3O1sx4vNpxwz\/jKaKaiwsC33NxUBBKHkEB9W2mIB+1OvBWRKDGpPC5UxVx+gw+txj+pkILpsdTr3QyK7Z0d4u+AzuW4nVjrW19VoK+WKhIJQ8Yl6xc1IGSib36yS3p5D7ZIQzYlw\/4QJiLOvrFmguFRci32k7pxUjwxUWQXfLNs9fqJ+JjxLw48LIUN5U7wtCySNYKM6YoiMzQlZlyDuhH4XwkoU51NOhH0WzjNwqppMszunB3qg6Cbtl6+oaYIvJsIXh4uNr507hGy\/9lj6extdfeALvdrTq785dCkLJI7g3q9xRrM36RkZ8Hhzv7f6gUMi4KT45n6D9pKmyWrMm+zrYmkQH+06bDZ9Yuko\/iobF90rzcfxs\/5tabYZhy9VoSAzMVXIqFNXrhdJ5HsEzx6D0tAMxfnSB1Gksq6TYYfJs3z0+EiWUE2Qp4sGB+kIa2JwyZrcrlq0LlkIiMcYyTBaLRfLIob36GZBoi3Dn2ktQXjL3O5BzKpTA\/t3wPPR9TPzTX8Hz8P0INh\/T3ykwU6pLXJMCeqZ1aABHLnRigGb6rrFhvN12Vn8nmhr698MkqF2tZzDgcetnQ3Dq+ZaV6\/WjCJyCfurIu3jUIBJOVf\/Z8nXYsXRlQjdtLpFToQQP7oJM1gRjQ5CPv4fgm7+Hapj1kiG473V4f\/0g\/O+8DtUdfWMvRngNiSRMvq3sfj1\/8hB+ceBtPPTubm39STw8ZNUffn8PdrU162ciXNawmNy76AJjM1mmJw7vxxutp\/UzoYbKqxct10TCXcj5QE6FIpZXQQi3SQQDCLacgnL+TOh4GhTyfYNtbfA+\/i\/w\/\/5J+OhzgGa0i30LgDJyd6wJ1rjzzP9u13kt3ZsoGzVEVmRfRwv88mQ3+GNLVuivQl3HzQO9eObYe9rXh4uRNvrZlzUswsfI8nC8lC\/kVii1DeQUR8yy0tdNFuaofjQ1IvnSgZefgEI3HaoCtb8LyuAFrRv2YobdI2Mbi1mso3vVQEG+Bl3jU73d+Pf338FhcufCouIkwpLyefj0usu0DFw+kVGhqDTrB478CXJnm34mGrFpE2A1mGaa8YLNZFUGk1gMRIMhSO7aXGcPxQq\/ogH3zRefwpeffwx\/++pzePzQPvRz3WMGoudsUzxrkC5XNjbBptdo2ineeYBc3tMDF7SsVpg6css+t2kbKp3RXcf5QMaEongm4PnV\/fBQoO7+9j3wPvajSVktob6epsDopaZq1zkS1tlpXSjZ74PKmbIwJByRfGNuDpwLeMnF+dne1\/EgDbgXTx+hAHtEyxzxuvXnKJb42h+exf\/b\/Qf0pFi0445h4wIss2gfGdTqMSzs7775ohboG38K12\/uXn8pls+r1c\/kFxkbVSq3TXS2AgG\/dhx45Tn4331Hex1GIn9anN+oH4WQKYiUzxynF9PsIHKBXC4DQlEJRZFzxyc+7x5D8\/BA3Mp4GI4n\/vtLT+O54wfROz6a1LLeHvo64yxvFu91teHn776lJQO4f8wIu3t\/seVD2N64TD+Tf2RMKGJ5NcSKGnoRCizVgA\/+nY9BjWnQkxYs0V9FUM43AzTDToV8bL\/+SoetiW3uLCDi9egfoeB4Tc38qI7feDx\/8iB+eWA3DpJwuBCYCLbCA252vcwXCtdhWCyxIuG6y9WLV2BrnPuYT2RMKILLBWndFgjhqizdRJVudIBcDSPSssl5eaXlOJTh6N6kWIInDuqvdMg6CfQxV+Ds1M0rN+CLm7drLsua6vlaxige3K\/1Xk8HfnFwL\/7z1GG0UPwSz73qJ5F0jA5p7le2WFtdj1tWbUiYacsXMurQS5uugFgV8VlVCjQDNDNqmSodoWmN\/iqCQlZH6eqY1PEahhvuuKJvRGS3yz53hBJmUXmVJpjPb74Cn9m4Davm1cGqW+FYeslde+n0Ufzyvbfxbszfz2vXuZbBG0pkIkaJBxcnr122Ku8yXPGQvkvor01Hm+EnxkJFRQ5I+QbSMUorIJFAuENVKHIg8MbvAWMVmGdEuvFWEpoQE+wzwYN7ENz9Mn1NxA0Rq2pgJT\/ZKMy5REVRMRZXVGF9dR3YEWvVLMPkmITPDUy4cbyvG4cvdGjNju3Dg3j2+PvY19mirR\/JBizm65auxDVLVsbtBMg3MmpRWAjStusBDrR1VAo2laP7tWCfEeiCS4uXa6+NyOfPUFwTSgQY4UKj3NFCIybmPd4IoWhuz2wWuhY1NInctXErvnzpVWhwJW4m5AzZYXLHnjqyX0svs2iyJRJmUXkltjQsgiOmrT9fyahQGKm6FtbLrtKPQsjkZwfog+ssjETBYCwqt3d3RLsXGhRMyifen9TqIhSVQSiZ+12qDPv7Vy5qwje3X4t6F\/1dMd3AYdjBYgvD2wZly91iOIBfTS7iisoa\/Uz+M3Oh0A1SOKgkF0AlNyE86ONhufRqCIbVcCq5WfKbL4Q6hglx44e1z7EEd72gv4qgHDsANc46CqGYgnn6yCc4fvnW9uuwrHKefmZ2wDHJFQuXzrxmpdJYkcfJY+CdLM0vjmaCGQtFGR2G9+EfYOL+v4H3V\/8fvl07KfiOXxgT11wCafk6\/ShE8OxJBNkykHslLlo4qfDIBA\/ui6od8O7sclcb1NjUMZl\/cV7tnMp6JQuL5Qubt2uWZTbADZebahdgKbleM4FT2Kq7GWrXY1A7fga5b5f+zuwmDYtC5p6sidJ6GoF3XkXg0R\/D94dntYxULLw\/lHT9bfqRDvnYwVee1Qa9ZC+CSBc\/FnV8BHJvZN2ESuKU6edx9syI6CyFVB9duMwnlpJFuWXlBlQZYr1cwd3J11JMyV0QM4KEorgp\/hx6Exg7AnHgaSjJxFbyBN1\/8iZ6nwPGj9L3ya4lmrFQRAo6bdfcrGWbGHViDIHnfqV18qoTk9vdresug1i\/SD8KIbedRWA\/XTBCrI+\/Bls5FKnmK13n6SPOslK2Rnm8ERsH+VvJ1blp5fqcP4ZhO\/0ejelca850Wl10w3XrHxwiwUzfs6dMtEO98DR9\/JYmaHLJldSWY6TLzC2KxQLrh26A7c8+CUHftoatg3\/nU\/CxWDzRa7TF4hJYrrxZP4oQeP4RBFtbyaLEF0pg904oIxQDjQwi+O5bJJTJDZZCkRNCTYN+NHeQfV4oSa7q5F6qHUtW4pNrL0FtzFan2cJlc2it9kKS6WDNbY5JMmglAWs5jR\/DupbBybFoFGw9fDRBeiim5fjGPxD6nEXSqqMIdPOEhcu0YF5pORW6KHzzW06SUHyQlqyCYNe7gynwE4qKEGQLYshYqeyCHXgj1BsWZ\/tPFojm2v3pDchH99NFmmymxboFsF53W2RtyyyHB9D4ay0YfeI4xl8\/D3nEB8eq6QN2XilYT25meVExjpHbm4merqm4lDyCHcvXalZhOlQvDequh6H2PEEWv57GQV3oPMcoQfI43Fxb0\/dFlinmLNtGAkyw66QagDq8l4Sir1UqaqTJeRvd+OwtCpu5RdER6abZPv0NiMvWfZAFUb0e+F\/8NbyP\/TCUFdNnFbGiCpZ1l2ivjXD\/l8INlPGQg5qIOBbi7xsXUYBozf4eUzzg5b4BTOw+h8A5nu2SS9EGOkbh+VMXAl3jFINN0OtO\/Z3psVttuGrxCtx7yZVTpo7NppLioy9tviIpkWhQHKGOHaaJrQ9q+08QGA+Jgi2KaCfXzWJITvAuL6ORZcSxqArFvX5DE6zFRSFy9tLhTNpCYSQyxY6\/\/mcIqzbrZ0IEdr0E7y\/\/SevxYoSySljIXcNsaV5kEZLF0pIS3W1QLnRSkNlPNya5mVru6cfQI0cx9NgJ9P7gCPznkhjwJKZgNwmkPyJ6SzXFHUmKLAx36oZTx4laXsxk4\/wFdNtSmMEd5Erb9IVewVFYxjiuCGUwVbEUqsTWwyC68eP0foLlBHzed0E\/IMRimhizO4ZMEQpjoRik6N7vQGyIDtiDB\/fC++iPIJ8jd4wGg1haHjfDlRb0fVN5sCd\/PYvCt+eP8DzyQ0w88Ldw\/5\/\/Cc8P\/7eW8vbtfU0Tz3QE+lXIo\/oApxnOvWf6BWcyuaT+rhEKTiODwtpYSmMoul1Fc1F8Ps1qJYJTx18iy7J9weKM7trI33trwxKt0Jg09kb6hzwWQiJW+v+I4Lg+YdL3Ee0kIilSElB9veSux9\/wQvWTS+43CEXgmDi7brZpQmGkmjrY775PixmMBA\/theeh\/0uB+R8gn2\/WtikyE9XvhzIenTJOhDoyAt9bO+H99Y\/he\/ifEdzzKpSzJ6D2dWmpZ87C+X\/yPXIdn5x2owvRJlGcFrlhgfapH9rDg1\/uJbf0FLkh9DqMvakk6hELClk67+EejL18CuO7z9OEmmCmJZZWzMPda7dolXwOtjMB\/wwWZUpLjMk9Qsma0GdCoDhDHOZam568YIsjGtLdihvqeIJdeCZilodbqqHOZaHw2hPLxitgv\/WzEGJSiBzs+x79Ifz\/yWtSpm6hTxke0Lx0dgq4GBo8eZCs2wPwPfIAgvvfim7ENCDwbM7xUJzdTIwIDgvdtMjXyP1uEuzkvXw\/gKxDsGcIwY7or7Eui97s2n9iAKO\/O4Wxne0Ye+YUuXRTPAyIBu88VznuXLMZ1zWt1uocZrOhtiHl76tlt5wbSBAN+nUky+g+DnWCXCx+31ZLM6uhQCzTPZw4S\/cpzmQzYljwJ9ggFLlm3hUwQ0z\/aZwJky6\/Ro9Fon1aTh+zyxNe9WgWXJhUOidv1hZGJWvj2\/kMuVX3I7Dv1VAHcwKk5Wth+9y3Yb\/9i\/S3TO0HS44gJFvE5VODKvwtib+34g7Ae2KI3KmINRFLrPQRqY0E+9xw7+2E3EdCpS9TfTIsRYndLw0alBUUbH9sBe+jtcrUJ2DNd5VhOXdmzyCjKNgqyaqsohe6WxgYhjD0GlT6rFpJKBRrRKA\/lrNg\/piN+bwdoY8wbKEMLlu2yIgs+cbbPnIrpKbJi7IyAaeneSFXbO2GXZ1gRws8D\/49\/M8+BKWdfOAEdQvuYLZ\/4Tuwf+N7sO+4CWL1fP2dxAglPLsZYgNRgL8z+ncwok4Eye0if9sgFNuKKm32DRMgaxM4RwNJDonD2lgGywI9KJ4C\/h6l9iLctnrTtBtop8LyqlosKIvfrsLxkzpBccfYIXIP41TX2aq4ttB1CQ9smSw1fT3FIoKFznE62Gi1AyQUft+AwhV8YxXeTvdFCrlz2SRj9kta0Aj7R2+DOC+UP88o7NLseQW+V5+Liiv8L\/0Gnn\/8phYjccuMMS4Iw2vtrTd+GsX\/60HYb7iV3F\/6fZNNNWsDPDLIVb8MuSdBrMTxSc8FyMPRcY+1IXLT2Zp4DlCsNBzJiBVfQa5LClmtIrImf7lxq36UHrxEeXF5pbZWJi7jNDm1\/4jc6u8Dzd8i0UzeNE8oXkpWZbV+RPh6oA7tpj92lFwzsjbGWkhwhL5He3QCY3iP\/kKHLIqQLxYljLB5OwRuWzHMmJmC+7\/8jz+Iie\/eB++\/\/iPGvn67FouoMc8nDCPQgJKa1sLx9e\/C8ZmvakuXU0UoLqE4xXDTyFIEWgeh9E\/Ofsm+ADwnJlsbxwr935OQAp1j8B2j31cfJwK5ZcVXpW4dLMVO3Bxn69NUqaS\/j12vRGgiKFpCLyhWI2ugtv2Y3Nwj9LdEZyCFquvpf4ah5j4J1X2KzGkNDY3oKr8Q6KEZLrRWSelrp+8bcy0tZN2iXLbskFGhSBSj2G+6h2aOBBXXDCC3noH\/9RegDkx+klQYXjVp+eidKP7r+7VVkTMNDPnfCXa60eRyhVHcCrzNcdyvoIKJPxmKZvxPLPTvK0JuDVuaiT3tUCgmCVPykYUQZ7h68NolK\/VXGcRSDrHuLgilXESma0jxhdr2U6jDFHzLkWsgONeQoEhUYYLkWo7so4vF2bzoa6\/6KIaloB8+ula+l\/WzBiwVUMN9Ylkko0JhxPWXQVqRnVglKRzFkK6\/HbZP3ks3MH1fVyy20oQauYyKJwDfmQGaVKNnVX8bzbgeg69NVtZSVwLRFhKC7+wgfCcH6BuE3EPRaUPRZdPHSYmY78xSW76tFkLt7eQj6kKggJzbVtShXSSWSFZRLf+o\/kpnhFe57qTrFDOp+Pu180rnvwNDb+kndcj6CBJd7yx4KLFkXig061pv+XRWrcpUWK+4AY7bvqBZOzMQy+ww1lJUshxBilOCg9EDwLM3xsKRIGwLyzSh8PJm92utWowTpmi9C5ay+C5GoHsMnvd7MHGgG\/7W+I\/HNtZlMo6jEai9h8TSFDrmBVl9ZNX7X\/4g3Su4NtLFN5QMVD8wcYY+x6kRsTUZPxz\/vRyRcaEwlqZ1sGy4XD\/KHZYt22G78S6IJq7rsFTyyspo90ge8CLYHh3Ua9ZCir7ctkYHFEGG92gv\/C2RxWgsPMeWBRTnTna7\/GeHMPofpzHyzAmMPnsS439MnBbPJiK5V2rNp+hv1MUdIMsw8BLU7ic1yyJa6TqVpZlk4OxXCl3DsodESi4eLxJT2n9O4n0+VNQ0PEEsWbIiFO7qtd75Zf0oN1guuQr2e74KqYFmPxNNt2WpkwZJdJZMHvXB3zkMJRjQrIUy0A9ljGZQPeUbRqwupff9GHmCb54xZVwJawPNvjGxE7tnI\/9xCr4jvZD7J0iQE3DtSLzrTFk2t2+iayo6V0KuuS8iluAYMPwWlLafIMip+\/D5NOCC7nQdE3KQG2lfhND+fSgd\/0aCpViHfg\/1wu8ohnoASu\/v9K9MnqwIhZGqqmH7yOT1KNlAWrmBRPIVSAuXTRp86WJxUpzhiEkna9mvMSj9Ps0FGtvVT18YLU6ObaRiByZe6dQKkUZsy1zk0kV\/T+44ZiviP0XxD7l3TNnda2BdkngdTiZ2tZ8K3lHHWrURQvXH9TMEW4Cx9yCe\/Yq26CpdBGmQfk6CLnJC9XZBaP0eWZFHAW+LZs1CloiumeILiXcifk\/ZVGRNKFrF\/qN3xN2nK2OQKKRVm+D43P+Iu3WrWVhrnKTG6EHpO9GHwUcPY+TZE3C\/zWnOGHNPFmTinXa43zwf9Z51oQuOphoaECG3i2sKvtYhDPzsgFaIZASriLI7V8N5zSzcxlSkmK3iQ6RidrUzIFRfB5TYlDFUOjcGuY9iopZ\/ICFEHmoUgn4PrtfYF0CovQNq7Vf088mTNaEw0rxaWK68QT\/KMFYS5oZtcNz395CWGgpemYCzXjHxB9dCAhRoj79yDiq7XTEoniDcu9qjM2GiAOt8O6y1IWvCmTPPiS4MP3xYc7UYociCoisWoPhD5ELOVihoF8qups8Z2IzQ2wF15ETIMhAq7+\/GFqL7EQgXHqeLHiMiwQLVvhBgK7f4O0DNHWTJU08sZVUoorMM0qbtQKYffsl1kms\/jqKv\/h2kusSdATwQlRG31nToOz1AMcAQ5MEpGhATwM2RQryFRHwuzum4sI\/vssHWVAehtJT8cB\/c+9sw8ovjCF4IJQa0IH9TDVw3LINIgpnVFK2l+7yJf2n9hEmQ+yRwF3Lvc1CH3oLc+xKUzl9QDLKb3ouZkCQaZ+Vc9P48hHm3klGJbhdKhawKhQeDheIEy+pL9RPmI5DVsn7iC3D8+dcgliauJcgePybIJRp+khdeHcHQr49g5PGjGKHjsZ1ntCp5sqjjfvKkklVEAujfS04bLPOdUEZHyRKdxuhTpyLrVuj+2prKUbJjEaSK5NzXkhwukNNc7OodUG0ZaGHi9DMF62r7TyH2PwF44qyO5e7k+Z+DWP9ZmoDWaAmldMiuUAjetcWyepMWs5iNyE+FuvNe2G+4c9oVcPK5doz9vhme9\/sR7CL\/9oKbxDEKz+FRjJG7NPz0MXj2nifXKHHgGEbmwZymThheO+9+qw3DvzmJ8dc76WdHUqHW+Q64dsyHraE86U6CTC7mSgbRQTFBOcUqgvn3ekpIJGr9vRQrXRmyKiaQdaHw7i3SomXazG8m0sKlsH3i87Bt26Gt458OqbYGUk38egrHDf7Tgxh+5hSGnz2NoB4fxIP3pJKH6f10LQqhuP3wHr4Az6EBeh0RiVhkhfO65bCtrE9aJJwizTnkQShOilWkLO5HJhVDqbobElsRE7N+2RcKITSthdA4eWPumcJWynbHf4P18g8nnVWTqpyo+tolKL9vA6yLyEUzXlMe84oKZSyAiT2d6P\/BO\/AdJ\/MeRwxaGnjYpM2x6dvz+pPYDFnRlQtRvHUhhBQ20OB9DMxAa6U3dvOmiFQ8jybFLCVwmKqbYKnk2Mg8kTA5EYpIg9m6dssH+4Glg+Aqp3jkL2Hdes0HKdWkoAspFtlQsnkh5n37cpR9dh2sjS7ycWIuCQXk8pAX\/T85gcGH3kegb5wGc5A+AggMjMG9pw3y4NQFsHSw1jvhvLGRRpy5Nz4ZtHX7dJ3SWU3Is7rsvJbNon4mQ\/CuLnWfglh9I10r839WToTCSMvINE7xWINkkXgHyq079KOZwfGMc\/sizPv6BjivboSlOo7rFlTIJbqAgfv3UWxzEu5XjmH4l0fg2dfzQQHQVFgXFgGuW1dqG3fkAn7EndcEF077\/Wvu0o8ygFQGofJG8ixoHJhQ\/Y9HzoTCO0MKJmwPar\/5HtMaAHmHmNLbV6H0rlWwNcaZlUgQbF3GXm3DyAudWt+VGbFJXEQB9mWVKNo086wRL+JKB4skkoE1Z4iozm1kHs3flV+11kAtvwng7mSTAvd45EwoQjEpP00\/WigpNb2YyGlEx9oalH58edTqwyj0VviMwe6ORYTz2vQq7yltLxQHngPM+ksl3hCCs1BmQsITau+GUHNjxp9kkDOhmIGYocc1s1hsy+vhuqkpsVgyigr7yirYlqYXw4nT7CIzHfxwotj9xmaMIJGrvZkG98weFzEJ53oIC74EoXwbuc6ZT4PnTCjcVZuu2yJksMLPVXD7+hqU7FgMqSqLXbjkcnGl3\/nhxdoOLelQlOYACtI9CpglFA667DXQdmVJE6GU4tIFX9TWuKSTaEiFHFuU9DM5mawX8KKqosvrtQ\/u9s0K5NbZV1RBmk+TgMkpzlQpttm0XfTNQhVdUOzprXYVyi6HMP9TgG3mqz9nwpx2vRiz6gWJEK0WlH18FZw3NkHkDe8yCelCWwK8qVZbEJZrJvx+jJv4AFVuw7eU8a4sM1zPzxtZzLuRLFN2RcLMeaFkC9f1S+H82HJt6W8msS4po9jEJD9+NiKVkFs7g4ekcm2kdCuJZfKDcbNB7oSiKhSiZKD+kEFYLBWfWQ\/bErpphp1XzEKzJuvJmtSaUzcxc8dIs1DBnRMz2D\/BWk3XZ0XWYpJYcigUMyKU7ONYW42yO5bT54qo3VfMwFJTDNtq86wJP5h0tiHQf+oM7ry26Z3xmSpZJmdXkq1Juq3pYkUOHitNM5p18XyU3rIMjnUmioW+j6XeRbGJeZXldOsomUCrzczAkVBpqKrIcIw4Bbm7kia4XWZU9mcCP8PQ0lAF1+1r4Li8Xkslp4vFZUHJplKthmMG\/GzI2eh6CSINecmsMmb2mH1TTook+7BQs9F2lqkpRemtZFk21dAASM+RlGpdsK0yb3NtswRnOgKJRJzBJBkkaxLI8roWAzm0KHTN9JfpMNMtR83CUu5E2Z+vglCexk20ihSbkBtp4uDOxW6KGcUik+XO3YZ4OROK4Od9riKLk+YykqMY5XeunrnyAwqcl6e\/5CCfUVUbZDU3rjaTM6GobAlSeJzBbMe+sRaCM42YINMbbswQM5Iu+UDuLAo\/lzCVB5TGoyQXDYvx4VZ\/a9XMM1ZCjte3J6SgEY05HczzsxZnE9pvM8Og3rQuXQP8bPh0CNBE5qePWRHviCJSWsFqMnNaKDBxs20zsHCX8SwSrzve4+JSQOKa0SzJnglcPM2hYOe2UDKw5VFacD1lFhm5SkeaFsWkpcBRKPT9lNT3GGCrltVHWcQwt4Uyi5CneBZ8LuDfh5fypgM\/w9H0oqXISZzkdsoxkuv5J3dCyYBPnkukLKyySwUzfh9vMIBxv8k7zCiByU\/ZSgLN9cohOfvpqt8PNZhe1kuwZ2bHjQIh+LERltmQwieRqGbvYZwiORMKt1ik2\/YBflZ5vjALi68czEuzIeOlcr9xbj2QHFoUNsH5UZkPI5XOsuRCmnAw75Nz00sXBYn1orUoplA0Ox6gyvBmGWLMsxxTIROL2Koss697eK4yt4Uyi0h35Z2YgWLaMAXjBcyhIBSTSLfdX0mzOBiPBlfuVgSaiwRY099+Nx3mtFDEqtnTcTvb0sMMP5JitqGqMgR++GiKqIqa1q766VKwKCai9UTNgiRRGHG2dS4QoVaU1FPOoWubu4srqDnqoeZnFCqtp6B63PqZ1JFWb4Fgnz2DgR84JPe6tdkvVeyrq0xfleijGOV4X7d+lDq8OUUduW81ZnZpq376xbrpU\/LPymRxqdZqukh1IcHkgJwJpUCBuUTB9SpQIAkKQilQIAkKQilQIAkKQilQYFqA\/wIXUd2UVE7HgQAAAABJRU5ErkJggg==\" alt=\"\" width=\"100\" height=\"49\" \/><\/p>\n<p style=\"font-size: 15px;\">Et parce qu&rsquo;on ne se refait pas, je suis \u00e9galement b\u00e9n\u00e9vole dans plusieurs associations :<br \/><br \/><br \/>\u263c Repr\u00e9sentante active des parents d&rsquo;\u00e9l\u00e8ves FCPE depuis 2017<br \/>\u263c Tr\u00e9sori\u00e8re de l&rsquo;association de parentalit\u00e9 vanv\u00e9enne <a href=\"http:\/\/mikadoasso.com\/\" target=\"_blank\" rel=\"noreferrer noopener\">Mikado<\/a>\u00a0depuis 2019<br \/>\u263c B\u00e9n\u00e9vole \u00e0 l&rsquo;AMAP vanv\u00e9enne <a href=\"https:\/\/lespaniersdelechan.wixsite.com\/amap-vanves\" target=\"_blank\" rel=\"noreferrer noopener\">Les Paniers de l&rsquo;\u00e9change<\/a>\u00a0depuis 2013<br \/>\u263c B\u00e9n\u00e9vole aupr\u00e8s de\u00a0<a style=\"color: #1c1b1b; background-color: #ffffff;\" href=\"https:\/\/lepiceriecoop.super.site\/\" target=\"_blank\" rel=\"noreferrer noopener\">L&rsquo;Epicerie<\/a>\u00a0collaborative malakoffiotte depuis 2022<\/p>\n<\/div>\n<p><!-- \/wp:image --><\/p>\t\t\t\t\t\t\t\t<\/div>\n\t\t\t\t<\/div>\n\t\t\t\t\t<\/div>\n\t\t\t\t<\/div>\n\t\t\t\t<\/div>\n\t\t","protected":false},"excerpt":{"rendered":"<p>J&rsquo;ai toujours aim\u00e9 regarder des films en version sous-titr\u00e9e. \u00c9tudiante &hellip; <\/p>\n","protected":false},"author":1,"featured_media":0,"parent":0,"menu_order":2,"comment_status":"closed","ping_status":"closed","template":"","meta":{"footnotes":""},"class_list":["post-364","page","type-page","status-publish","hentry"],"_links":{"self":[{"href":"https:\/\/lhcesari.com\/blog\/wp-json\/wp\/v2\/pages\/364","targetHints":{"allow":["GET"]}}],"collection":[{"href":"https:\/\/lhcesari.com\/blog\/wp-json\/wp\/v2\/pages"}],"about":[{"href":"https:\/\/lhcesari.com\/blog\/wp-json\/wp\/v2\/types\/page"}],"author":[{"embeddable":true,"href":"https:\/\/lhcesari.com\/blog\/wp-json\/wp\/v2\/users\/1"}],"replies":[{"embeddable":true,"href":"https:\/\/lhcesari.com\/blog\/wp-json\/wp\/v2\/comments?post=364"}],"version-history":[{"count":129,"href":"https:\/\/lhcesari.com\/blog\/wp-json\/wp\/v2\/pages\/364\/revisions"}],"predecessor-version":[{"id":3137,"href":"https:\/\/lhcesari.com\/blog\/wp-json\/wp\/v2\/pages\/364\/revisions\/3137"}],"wp:attachment":[{"href":"https:\/\/lhcesari.com\/blog\/wp-json\/wp\/v2\/media?parent=364"}],"curies":[{"name":"wp","href":"https:\/\/api.w.org\/{rel}","templated":true}]}}